{"id":139,"date":"2023-03-23T20:42:58","date_gmt":"2023-03-23T18:42:58","guid":{"rendered":"http:\/\/serwer56134.lh.pl\/bw\/?page_id=139"},"modified":"2023-04-21T22:20:04","modified_gmt":"2023-04-21T20:20:04","slug":"monika-wieczorkowska","status":"publish","type":"page","link":"https:\/\/monikawieczorkowska.pl\/index.php\/monika-wieczorkowska\/","title":{"rendered":"O mnie"},"content":{"rendered":"<div class=\"wp-block-image is-style-default\">\n<figure class=\"alignleft size-full\"><img loading=\"lazy\" decoding=\"async\" width=\"300\" height=\"200\" src=\"http:\/\/monikawieczorkowska.pl\/wp-content\/uploads\/2023\/03\/omnie.jpg\" alt=\"\" class=\"wp-image-145\"\/><\/figure><\/div>\n\n\n<p>Ceramik\u0105 zajmuje si\u0119 od 1997 roku. Umiej\u0119tno\u015bci zdobywa\u0142a pod okiem artysty-plastyka \u0141ukasza Rogi\u0144skiego oraz mistrza garncarstwa Artura W\u0142odarczyka.<\/p>\n\n\n\n<p>W 2002 roku otrzyma\u0142a legitymacj\u0119 czeladnicz\u0105 w zawodzie garncarza wydan\u0105 przez Izb\u0119 Rzemie\u015blnicz\u0105 w Gda\u0144sku.<\/p>\n\n\n\n<p>Przez kilka lat pracowa\u0142a jako instruktorka terapii zaj\u0119ciowej w pracowni ceramicznej Fundacji \u201eSprawni Inaczej\u201d. Prace jej podopiecznych bra\u0142y udzia\u0142 w wielu wystawach i konkursach zdobywaj\u0105c liczne nagrody.<\/p>\n\n\n\n<p>W tym samym czasie otworzy\u0142a w\u0142asn\u0105 pracowni\u0119 w celu prowadzenia zaj\u0119\u0107 dla amator\u00f3w doros\u0142ych, dzieci i m\u0142odzie\u017cy.<\/p>\n\n\n\n<p>W ci\u0105gu ostatnich lat swej dzia\u0142alno\u015bci pracownia zakorzeni\u0142a si\u0119 w \u015brodowisku starego Wrzeszcza w Gda\u0144sku. Sta\u0142a si\u0119 kulturow\u0105 i spo\u0142eczn\u0105 platform\u0105 &#8211; miejscem spotka\u0144 ludzi w r\u00f3\u017cnym wieku, z r\u00f3\u017cnych \u015brodowisk, gdzie mog\u0105 odczuwa\u0107 satysfakcj\u0119 z w\u0142asnych mo\u017cliwo\u015bci i dokona\u0144 tw\u00f3rczych pokonuj\u0105c niejednokrotnie bariery w\u0142asnych problem\u00f3w i zahamowa\u0144.<\/p>\n\n\n\n<p>Jako scenograf od lat wsp\u00f3\u0142pracuje z Teatrem Ta\u0144ca i Muzyki Kino Variatino tworz\u0105c dla teatru opraw\u0119 plastyczno-instrumentaln\u0105.<\/p>\n\n\n\n<p>Reprezentowa\u0142a polskie garncarstwo w ramach projektu SHARE, kt\u00f3rego celem jest budowanie wsp\u00f3\u0142pracy rzemie\u015blnik\u00f3w z r\u00f3\u017cnych kraj\u00f3w Europy. Owocem tego projektu by\u0142y warsztaty na Cyprze, gdzie zapozna\u0142a si\u0119 z tradycyjnym garncarstwem tamtego regionu.<\/p>\n","protected":false},"excerpt":{"rendered":"<p>Ceramik\u0105 zajmuje si\u0119 od 1997 roku. Umiej\u0119tno\u015bci zdobywa\u0142a pod okiem artysty-plastyka \u0141ukasza Rogi\u0144skiego oraz mistrza garncarstwa Artura W\u0142odarczyka. W 2002 roku otrzyma\u0142a legitymacj\u0119 czeladnicz\u0105 w zawodzie garncarza wydan\u0105 przez Izb\u0119 Rzemie\u015blnicz\u0105 w Gda\u0144sku. Przez kilka lat pracowa\u0142a jako instruktorka terapii zaj\u0119ciowej w pracowni ceramicznej Fundacji \u201eSprawni Inaczej\u201d. Prace jej podopiecznych bra\u0142y udzia\u0142 w wielu wystawach&#8230;<\/p>\n","protected":false},"author":1,"featured_media":0,"parent":0,"menu_order":0,"comment_status":"closed","ping_status":"closed","template":"","meta":{"footnotes":""},"class_list":["post-139","page","type-page","status-publish","hentry"],"yoast_head":"<!-- This site is optimized with the Yoast SEO plugin v26.4 - https:\/\/yoast.com\/wordpress\/plugins\/seo\/ -->\n<title>O mnie - Garncarstwo R\u0119kodzie\u0142o Monika Wieczorkowska<\/title>\n<meta name=\"robots\" content=\"index, follow, max-snippet:-1, max-image-preview:large, max-video-preview:-1\" \/>\n<link rel=\"canonical\" href=\"https:\/\/monikawieczorkowska.pl\/index.php\/monika-wieczorkowska\/\" \/>\n<meta property=\"og:locale\" content=\"pl_PL\" \/>\n<meta property=\"og:type\" content=\"article\" \/>\n<meta property=\"og:title\" content=\"O mnie - Garncarstwo R\u0119kodzie\u0142o Monika Wieczorkowska\" \/>\n<meta property=\"og:description\" content=\"Ceramik\u0105 zajmuje si\u0119 od 1997 roku. Umiej\u0119tno\u015bci zdobywa\u0142a pod okiem artysty-plastyka \u0141ukasza Rogi\u0144skiego oraz mistrza garncarstwa Artura W\u0142odarczyka. W 2002 roku otrzyma\u0142a legitymacj\u0119 czeladnicz\u0105 w zawodzie garncarza wydan\u0105 przez Izb\u0119 Rzemie\u015blnicz\u0105 w Gda\u0144sku. Przez kilka lat pracowa\u0142a jako instruktorka terapii zaj\u0119ciowej w pracowni ceramicznej Fundacji \u201eSprawni Inaczej\u201d. Prace jej podopiecznych bra\u0142y udzia\u0142 w wielu wystawach...\" \/>\n<meta property=\"og:url\" content=\"https:\/\/monikawieczorkowska.pl\/index.php\/monika-wieczorkowska\/\" \/>\n<meta property=\"og:site_name\" content=\"Garncarstwo R\u0119kodzie\u0142o Monika Wieczorkowska\" \/>\n<meta property=\"article:modified_time\" content=\"2023-04-21T20:20:04+00:00\" \/>\n<meta property=\"og:image\" content=\"http:\/\/monikawieczorkowska.pl\/wp-content\/uploads\/2023\/03\/omnie.jpg\" \/>\n<meta name=\"twitter:card\" content=\"summary_large_image\" \/>\n<meta name=\"twitter:label1\" content=\"Szacowany czas czytania\" \/>\n\t<meta name=\"twitter:data1\" content=\"2 minuty\" \/>\n<script type=\"application\/ld+json\" class=\"yoast-schema-graph\">{\"@context\":\"https:\/\/schema.org\",\"@graph\":[{\"@type\":\"WebPage\",\"@id\":\"https:\/\/monikawieczorkowska.pl\/index.php\/monika-wieczorkowska\/\",\"url\":\"https:\/\/monikawieczorkowska.pl\/index.php\/monika-wieczorkowska\/\",\"name\":\"O mnie - Garncarstwo R\u0119kodzie\u0142o Monika Wieczorkowska\",\"isPartOf\":{\"@id\":\"http:\/\/monikawieczorkowska.pl\/#website\"},\"primaryImageOfPage\":{\"@id\":\"https:\/\/monikawieczorkowska.pl\/index.php\/monika-wieczorkowska\/#primaryimage\"},\"image\":{\"@id\":\"https:\/\/monikawieczorkowska.pl\/index.php\/monika-wieczorkowska\/#primaryimage\"},\"thumbnailUrl\":\"http:\/\/monikawieczorkowska.pl\/wp-content\/uploads\/2023\/03\/omnie.jpg\",\"datePublished\":\"2023-03-23T18:42:58+00:00\",\"dateModified\":\"2023-04-21T20:20:04+00:00\",\"breadcrumb\":{\"@id\":\"https:\/\/monikawieczorkowska.pl\/index.php\/monika-wieczorkowska\/#breadcrumb\"},\"inLanguage\":\"pl-PL\",\"potentialAction\":[{\"@type\":\"ReadAction\",\"target\":[\"https:\/\/monikawieczorkowska.pl\/index.php\/monika-wieczorkowska\/\"]}]},{\"@type\":\"ImageObject\",\"inLanguage\":\"pl-PL\",\"@id\":\"https:\/\/monikawieczorkowska.pl\/index.php\/monika-wieczorkowska\/#primaryimage\",\"url\":\"http:\/\/monikawieczorkowska.pl\/wp-content\/uploads\/2023\/03\/omnie.jpg\",\"contentUrl\":\"http:\/\/monikawieczorkowska.pl\/wp-content\/uploads\/2023\/03\/omnie.jpg\"},{\"@type\":\"BreadcrumbList\",\"@id\":\"https:\/\/monikawieczorkowska.pl\/index.php\/monika-wieczorkowska\/#breadcrumb\",\"itemListElement\":[{\"@type\":\"ListItem\",\"position\":1,\"name\":\"Strona g\u0142\u00f3wna\",\"item\":\"https:\/\/monikawieczorkowska.pl\/\"},{\"@type\":\"ListItem\",\"position\":2,\"name\":\"O mnie\"}]},{\"@type\":\"WebSite\",\"@id\":\"http:\/\/monikawieczorkowska.pl\/#website\",\"url\":\"http:\/\/monikawieczorkowska.pl\/\",\"name\":\"Garncarstwo R\u0119kodzie\u0142o Monika Wieczorkowska\",\"description\":\"\",\"potentialAction\":[{\"@type\":\"SearchAction\",\"target\":{\"@type\":\"EntryPoint\",\"urlTemplate\":\"http:\/\/monikawieczorkowska.pl\/?s={search_term_string}\"},\"query-input\":{\"@type\":\"PropertyValueSpecification\",\"valueRequired\":true,\"valueName\":\"search_term_string\"}}],\"inLanguage\":\"pl-PL\"}]}<\/script>\n<!-- \/ Yoast SEO plugin. -->","yoast_head_json":{"title":"O mnie - Garncarstwo R\u0119kodzie\u0142o Monika Wieczorkowska","robots":{"index":"index","follow":"follow","max-snippet":"max-snippet:-1","max-image-preview":"max-image-preview:large","max-video-preview":"max-video-preview:-1"},"canonical":"https:\/\/monikawieczorkowska.pl\/index.php\/monika-wieczorkowska\/","og_locale":"pl_PL","og_type":"article","og_title":"O mnie - Garncarstwo R\u0119kodzie\u0142o Monika Wieczorkowska","og_description":"Ceramik\u0105 zajmuje si\u0119 od 1997 roku. Umiej\u0119tno\u015bci zdobywa\u0142a pod okiem artysty-plastyka \u0141ukasza Rogi\u0144skiego oraz mistrza garncarstwa Artura W\u0142odarczyka. W 2002 roku otrzyma\u0142a legitymacj\u0119 czeladnicz\u0105 w zawodzie garncarza wydan\u0105 przez Izb\u0119 Rzemie\u015blnicz\u0105 w Gda\u0144sku. Przez kilka lat pracowa\u0142a jako instruktorka terapii zaj\u0119ciowej w pracowni ceramicznej Fundacji \u201eSprawni Inaczej\u201d. Prace jej podopiecznych bra\u0142y udzia\u0142 w wielu wystawach...","og_url":"https:\/\/monikawieczorkowska.pl\/index.php\/monika-wieczorkowska\/","og_site_name":"Garncarstwo R\u0119kodzie\u0142o Monika Wieczorkowska","article_modified_time":"2023-04-21T20:20:04+00:00","og_image":[{"url":"http:\/\/monikawieczorkowska.pl\/wp-content\/uploads\/2023\/03\/omnie.jpg","type":"","width":"","height":""}],"twitter_card":"summary_large_image","twitter_misc":{"Szacowany czas czytania":"2 minuty"},"schema":{"@context":"https:\/\/schema.org","@graph":[{"@type":"WebPage","@id":"https:\/\/monikawieczorkowska.pl\/index.php\/monika-wieczorkowska\/","url":"https:\/\/monikawieczorkowska.pl\/index.php\/monika-wieczorkowska\/","name":"O mnie - Garncarstwo R\u0119kodzie\u0142o Monika Wieczorkowska","isPartOf":{"@id":"http:\/\/monikawieczorkowska.pl\/#website"},"primaryImageOfPage":{"@id":"https:\/\/monikawieczorkowska.pl\/index.php\/monika-wieczorkowska\/#primaryimage"},"image":{"@id":"https:\/\/monikawieczorkowska.pl\/index.php\/monika-wieczorkowska\/#primaryimage"},"thumbnailUrl":"http:\/\/monikawieczorkowska.pl\/wp-content\/uploads\/2023\/03\/omnie.jpg","datePublished":"2023-03-23T18:42:58+00:00","dateModified":"2023-04-21T20:20:04+00:00","breadcrumb":{"@id":"https:\/\/monikawieczorkowska.pl\/index.php\/monika-wieczorkowska\/#breadcrumb"},"inLanguage":"pl-PL","potentialAction":[{"@type":"ReadAction","target":["https:\/\/monikawieczorkowska.pl\/index.php\/monika-wieczorkowska\/"]}]},{"@type":"ImageObject","inLanguage":"pl-PL","@id":"https:\/\/monikawieczorkowska.pl\/index.php\/monika-wieczorkowska\/#primaryimage","url":"http:\/\/monikawieczorkowska.pl\/wp-content\/uploads\/2023\/03\/omnie.jpg","contentUrl":"http:\/\/monikawieczorkowska.pl\/wp-content\/uploads\/2023\/03\/omnie.jpg"},{"@type":"BreadcrumbList","@id":"https:\/\/monikawieczorkowska.pl\/index.php\/monika-wieczorkowska\/#breadcrumb","itemListElement":[{"@type":"ListItem","position":1,"name":"Strona g\u0142\u00f3wna","item":"https:\/\/monikawieczorkowska.pl\/"},{"@type":"ListItem","position":2,"name":"O mnie"}]},{"@type":"WebSite","@id":"http:\/\/monikawieczorkowska.pl\/#website","url":"http:\/\/monikawieczorkowska.pl\/","name":"Garncarstwo R\u0119kodzie\u0142o Monika Wieczorkowska","description":"","potentialAction":[{"@type":"SearchAction","target":{"@type":"EntryPoint","urlTemplate":"http:\/\/monikawieczorkowska.pl\/?s={search_term_string}"},"query-input":{"@type":"PropertyValueSpecification","valueRequired":true,"valueName":"search_term_string"}}],"inLanguage":"pl-PL"}]}},"_links":{"self":[{"href":"https:\/\/monikawieczorkowska.pl\/index.php\/wp-json\/wp\/v2\/pages\/139","targetHints":{"allow":["GET"]}}],"collection":[{"href":"https:\/\/monikawieczorkowska.pl\/index.php\/wp-json\/wp\/v2\/pages"}],"about":[{"href":"https:\/\/monikawieczorkowska.pl\/index.php\/wp-json\/wp\/v2\/types\/page"}],"author":[{"embeddable":true,"href":"https:\/\/monikawieczorkowska.pl\/index.php\/wp-json\/wp\/v2\/users\/1"}],"replies":[{"embeddable":true,"href":"https:\/\/monikawieczorkowska.pl\/index.php\/wp-json\/wp\/v2\/comments?post=139"}],"version-history":[{"count":6,"href":"https:\/\/monikawieczorkowska.pl\/index.php\/wp-json\/wp\/v2\/pages\/139\/revisions"}],"predecessor-version":[{"id":358,"href":"https:\/\/monikawieczorkowska.pl\/index.php\/wp-json\/wp\/v2\/pages\/139\/revisions\/358"}],"wp:attachment":[{"href":"https:\/\/monikawieczorkowska.pl\/index.php\/wp-json\/wp\/v2\/media?parent=139"}],"curies":[{"name":"wp","href":"https:\/\/api.w.org\/{rel}","templated":true}]}}